3, 1425741469
List the prime factors of 588435716.
2, 11, 37, 361447
What are the prime factors of 295840321?
7, 457, 92479
What are the prime factors of 265591098?
2, 3, 14755061
What are the prime factors of 125668942?
2, 7, 8976353
What are the prime factors of 117651400?
2, 5, 588257
List the prime factors of 268890909.
3, 7, 2531, 5059
What are the prime factors of 2058608688?
2, 3, 41, 113, 9257
What are the prime factors of 7358705715?
3, 5, 83, 5910607
What are the prime factors of 960884452?
2, 11, 21838283
What are the prime factors of 63928150?
2, 5, 11, 13, 8941
List the prime factors of 225314905.
5, 5927, 7603
List the prime factors of 55177601.
6823, 8087
What are the prime factors of 5406941?
5406941
What are the prime factors of 10954857?
3, 3651619
What are the prime factors of 2746755289?
23, 8719, 13697
What are the prime factors of 41281472?
2, 645023
List the prime factors of 77157820.
2, 5, 3857891
What are the prime factors of 218831647?
53, 4128899
What are the prime factors of 7832537917?
67, 116903551
What are the prime factors of 1866414464?
2, 41, 355643
List the prime factors of 202105318.
2, 19, 41, 73, 1777
What are the prime factors of 41273959?
3803, 10853
List the prime factors of 23061120.
2, 3, 5, 12011
What are the prime factors of 4358977475?
5, 89, 1959091
What are the prime factors of 25051112?
2, 43, 72823
List the prime factors of 9268216964.
2, 521, 4447321
List the prime factors of 19146041.
19146041
List the prime factors of 186545161.
11, 3001, 5651
What are the prime factors of 51605390?
2, 5, 31, 61, 2729
What are the prime factors of 3524108?
2, 7, 43, 2927
List the prime factors of 6057951.
3, 2019317
List the prime factors of 201847890.
2, 3, 5, 167, 40289
List the prime factors of 262280181.
3, 31, 487, 5791
List the prime factors of 32680613.
7, 17, 274627
List the prime factors of 709268997.
3, 9749, 24251
List the prime factors of 197411306.
2, 98705653
What are the prime factors of 111740653?
19, 5881087
List the prime factors of 2087099858.
2, 43, 24268603
What are the prime factors of 62328188?
2, 13, 17, 70507
List the prime factors of 4317712884.
2, 3, 1609, 24847
What are the prime factors of 1063405660?
2, 5, 563, 94441
List the prime factors of 70713366.
2, 3, 113, 104297
What are the prime factors of 2241011215?
5, 448202243
What are the prime factors of 1538311722?
2, 3, 263, 974849
List the prime factors of 13299799.
1759, 7561
List the prime factors of 5070409656.
2, 3, 13, 277, 4513
List the prime factors of 34240036.
2, 8560009
What are the prime factors of 26051638?
2, 157, 163, 509
List the prime factors of 547629630.
2, 3, 5, 1613, 11317
What are the prime factors of 503022541?
7, 71860363
List the prime factors of 70548181.
11, 17, 377263
List the prime factors of 3526182428.
2, 881545607
List the prime factors of 2101030376.
2, 262628797
List the prime factors of 6361961194.
2, 8081, 393637
List the prime factors of 907433161.
127, 179, 223
What are the prime factors of 35945412?
2, 3, 17, 23, 47, 163
List the prime factors of 250170151.
7, 11, 41, 109, 727
What are the prime factors of 28323277?
28323277
List the prime factors of 82024163.
13, 6309551
List the prime factors of 46994893.
11, 4272263
What are the prime factors of 2033990861?
7, 290570123
What are the prime factors of 517986783?
3, 59, 975493
List the prime factors of 62800827.
3, 607, 34487
List the prime factors of 721620732.
2, 3, 7, 8590723
List the prime factors of 121880782.
2, 19, 41, 78229
List the prime factors of 6815732595.
3, 5, 7, 64911739
List the prime factors of 2095309473.
3, 53, 1021, 12907
List the prime factors of 47085517.
47085517
List the prime factors of 157260933.
3, 43, 163, 277
List the prime factors of 1707411089.
59, 73, 396427
What are the prime factors of 128474454?
2, 3, 43, 497963
What are the prime factors of 34252071?
3, 7, 1631051
List the prime factors of 1596674735.
5, 83, 3847409
What are the prime factors of 178566470?
2, 5, 17, 1050391
List the prime factors of 118963575.
3, 5, 113, 4679
What are the prime factors of 115477062?
2, 3, 19246177
List the prime factors of 1373860935.
3, 5, 29, 1052767
List the prime factors of 35594319.
3, 79, 101, 1487
What are the prime factors of 132695588?
2, 199, 166703
List the prime factors of 29820484.
2, 7455121
List the prime factors of 281735667.
3, 19, 29, 56813
List the prime factors of 78569727.
3, 26189909
List the prime factors of 132928530.
2, 3, 5, 7, 632993
List the prime factors of 2113091433.
3, 151, 449, 3463
What are the prime factors of 654204353?
11, 17, 3498419
List the prime factors of 797781784.
2, 1327, 75149
What are the prime factors of 380311811?
11, 17, 1123, 1811
List the prime factors of 554303459.
554303459
List the prime factors of 1941280871.
15559, 124769
List the prime factors of 76884863.
11, 17, 317, 1297
List the prime factors of 42408675.
3, 5, 188483
What are the prime factors of 1642299557?
191, 8598427
List the prime factors of 74577495.
3, 5, 4971833
List the prime factors of 113285290.
2, 5, 11328529
List the prime factors of 851509561.
7, 121644223
List the prime factors of 107093204.
2, 269, 99529
What are the prime factors of 159736060?
2, 5, 11, 29, 25037
What are the prime factors of 445277519?
1291, 344909
What are the prime factors of 2754611230?
2, 5, 7, 229, 239, 719
What are the prime factors of 2771979289?
491, 5645579
List the prime factors of 34463891.
7, 11, 19, 23557
List the prime factors of 79706345.
5, 59, 270191
List the prime factors of 37246084.
2, 43, 83, 2609
List the prime factors of 140320345.
5, 11, 2551279
What are the prime factors of 184722889?
13, 14209453
List the prime factors of 760164937.
7, 439, 247369
What are the prime factors of 36527212?
2, 9131803
List the prime factors of 1613739585.
3, 5, 193, 557423
What are the prime factors of 26082161?
7, 23, 23143
What are the prime factors of 61438647?
3, 19, 59, 18269
List the prime factors of 1057856.
2, 16529
What are the prime factors of 9330975?
3, 5, 113, 367
What are the prime factors of 235724134?
2, 117862067
What are the prime factors of 106018747?
113, 938219
List the prime factors of 5206303021.
191, 27258131
List the prime factors of 23425542.
2, 3, 7, 185917
List the prime factors of 89704541.
197, 455353
What are the prime factors of 261086052?
2, 3, 21757171
List the prime factors of 9733900.
2, 5, 11, 8849
List the prime factors of 226556031.
3, 13, 5809129
What are the prime factors of 180430808?
2, 29, 167, 4657
List the prime factors of 1535862.
2, 3, 255977
List the prime factors of 669994491.
3, 503, 443999
What are the prime factors of 601843051?
463, 1299877
List the prime factors of 40555678.
2, 20277839
What are the prime factors of 967084791?
3, 322361597
What are the prime factors of 27456817?
27456817
List the prime factors of 192103057.
192103057
List the prime factors of 4444294395.
3, 5, 296286293
List the prime factors of 3018774363.
3, 11, 41, 2231171
List the prime factors of 841306155.
3, 5, 79, 709963
What are the prime factors of 280148056?
2, 2221, 15767
List the prime factors of 543486851.
10711, 50741
What are the prime factors of 2207436461?
2207436461
What are the prime factors of 3357138087?
3, 17, 31, 97, 7297
What are the prime factors of 812942515?
5, 7, 11, 2111539
List the prime factors of 216419466.
2, 3, 23, 1568257
What are the prime factors of 35534387?
7, 607, 8363
List the prime factors of 508258029.
3, 169419343
List the prime factors of 1345189806.
2, 3, 74732767
List the prime factors of 66997754.
2, 33498877
What are the prime factors of 73402319?
67, 1095557
What are the prime factors of 53318632?
2, 347, 19207
What are the prime factors of 187079879?
7, 67, 239, 1669
List the prime factors of 31700407.
31700407
What are the prime factors of 2030714607?
3, 9479, 71411
List the prime factors of 3491243021.
7, 499, 2003
List the prime factors of 26012075.
5, 1040483
List the prime factors of 5217380467.
13, 23, 758671
List the prime factors of 33085106.
2, 16542553
List the prime factors of 25212613.
79, 319147
What are the prime factors of 54414923?
6067, 8969
What are the prime factors of 1832312789?
1031, 1777219
What are the prime factors of